t u = 7 - -1. What is the remainder when u is divided by c?
2
Let j = -88 - -98. Let a(g) = g**3 - 10*g**2 - 2*g - 24. Let b be a(j). What is the remainder when (-5)/25*-5 - b is divided by 30?
15
Suppose -558*o = -543*o - 9927 + 3012. What is the remainder when o is divided by 36?
29
Suppose 3*o + w + 201 = o, -w = -3*o - 294. Let n = o + 107. What is the remainder when 61 is divided by n?
5
Let o = -13 - 45. Let k be (4 - -1) + 10 + (-536)/(-4). Let r = o + k. What is the remainder when r is divided by 19?
15
Let n(x) = x**3 + 29*x**2 + 115*x + 2. What is the remainder when 952 is divided by n(-5)?
7
Suppose 3*u + 490 = 7*u + 5*l, l = 3*u - 377. Let m = 161 - u. Calculate the remainder when 104 is divided by m.
32
Let c(f) = f**3 - 15*f**2 + 37. Let v(l) = -13*l - 4. What is the remainder when c(15) is divided by v(-2)?
15
Let r = -165 - -167. Suppose 3*f - r*s = 169, -2*s = -4*f - s + 227. Calculate the remainder when 112 is divided by f.
55
Suppose 16*k - 4*w = 11*k + 543, -5*k - 3*w = -529. What is the remainder when k is divided by 3?
2
Suppose -52 = -2*z + 4*d, 2*z + 2*d = 5 + 65. Let r(p) = 75*p - 1. Let g be r(1). Let i = g - z. What is the remainder when 124 is divided by i?
40
Let y(o) = 6*o**2 - 6*o + 7. Let m = -13 - -14. Let k be y(m). Suppose k*z + 83 = 8*z. Calculate the remainder when z is divided by 12.
11
What is the remainder when 250 is divided by (-81)/2*15/(-10)*12/9?
7
Suppose -3*v + 133 = 4*n, -74*v - n = -69*v - 199. Calculate the remainder when 1436 is divided by v.
32
Let x(d) = d**2 + 14*d - 23. Let m be x(-10). Let p = m + 71. Suppose -p*v + 17*v = 162. Calculate the remainder when 32 is divided by v.
14
Let j be ((-80)/(-6))/((-3)/(-36)). Suppose -40 - j = -8*m. Suppose 2*s - m - 2 = 3*o, -61 = -5*s + o. Calculate the remainder when 21 is divided by s.
9
Let p = 7782 + -7681. Calculate the remainder when 194 is divided by p.
93
Suppose -535*k - 16430 = -540*k + j, 4*k - j = 13145. What is the remainder when k is divided by 1638?
9
Suppose 453*t - 448*t - 74 = -m, 0 = -3*t + 39. Let y be (-2)/((-1)/2*-1). Calculate the remainder when m is divided by (-23)/(-7) - y/(-14).
0
Let y = 28 - 5. Suppose 0 = 3*v + 5*i - 37, 0 = 555*v - 558*v + i + 7. Calculate the remainder when y is divided by v.
3
Let y(w) = 26*w**2 + w. Let m = -1194 - -1258. What is the remainder when m is divided by y(1)?
10
Suppose -5184 = -15*g - 639. What is the remainder when 460 is divided by g?
157
Suppose 13*c = 1345 + 5493. Let n = c + -172. Calculate the remainder when n is divided by 24.
18
Let b(h) = h**3 - 2*h**2 - 50*h + 17. Calculate the remainder when 3039 is divided by b(0).
13
Calculate the remainder when 387 is divided by (-274)/(-18) - (8 - (-560)/(-72)).
12
Suppose 5*s = 6*s + 2*m - 211, -5*m = 5*s - 1070. Suppose -s = -3*u + 2*k + 1280, u - 2*k = 495. What is the remainder when u is divided by 36?
33
Suppose -12668 = -g - 10624. What is the remainder when g is divided by 32?
28
Let u = -22 + 50. Suppose 0*b - m = 3*b + 224, 140 = -2*b - 3*m. Let v = 131 + b. What is the remainder when v is divided by u?
27
Suppose p - 247 = -2*v, -15*v = -13*v + 5*p - 267. Calculate the remainder when v is divided by 31.
28
Suppose 0 = 231*m - 117*m + 156*m - 3510. Calculate the remainder when 644 is divided by m.
7
Let m(f) = 5*f - 25. Let t be m(9). Let o be ((-6)/(-4))/((-5)/t). Let x(y) = y**2 + 4*y - 7. Calculate the remainder when x(o) is divided by 5.
0
Suppose 24*b - 21*b + 3 = -2*c, -c = b + 2. What is the remainder when 58/((-6)/(-6 - c)) is divided by 19?
10
Calculate the remainder when 189 is divided by (-294)/42 + (-2)/(4/(-6))*3.
1
Let i(r) = -2*r**2 + 187*r + 846. Calculate the remainder when 754 is divided by i(94).
2
Let b(g) = -g**3 + 63*g**2 - 418*g + 98. What is the remainder when b(45) is divided by 243?
242
Let x(c) = -c**2 + 131*c - 1320. What is the remainder when x(52) is divided by 90?
88
Suppose -h + 114 = -2*w + 15, 4 = -4*w. Let v(c) = 3*c**2 + 3*c - 7. Calculate the remainder when h is divided by v(-3).
9
Suppose 7*c - 96 - 495 - 116 = 0. Calculate the remainder when 1246 is divided by c.
34
Suppose 11*n + 17*n - 154 = 27*n. Calculate the remainder when n is divided by 75.
4
Suppose 134 = 2*m - 4*b, -3*m = m - b - 240. Suppose 4838 = -19*v - 501. Let j = 301 + v. Calculate the remainder when m is divided by j.
19
Suppose -55*j + 1104 + 891 = -20*j. What is the remainder when 121 is divided by j?
7
Let q be (-693)/(-147) - 2/(-7). Suppose 0 = 3*o - 5*x - 802, 2*o - 238 = q*x + 305. What is the remainder when o is divided by 52?
51
Calculate the remainder when (260/(-6))/(40/(-432)) is divided by 179.
110
Let k(n) = -3*n**3 + 154*n**2 - 36*n - 20. What is the remainder when k(51) is divided by 144?
25
Let y = -719 - -444. Let g = y + 290. What is the remainder when g is divided by 5?
0
Suppose 0 = 5*m + 30, -5*h + 18597 - 6004 = 2*m. Calculate the remainder when h is divided by 115.
106
Let p(o) = -2*o**2 - 76*o + 1151. Calculate the remainder when 600 is divided by p(-49).
16
Let h(t) = t**3 - 4*t**2 + 6*t - 4. Let k(z) = -811*z + 3297. What is the remainder when k(4) is divided by h(4)?
13
Let c = -9950 + 10399. Calculate the remainder when c is divided by 35.
29
Let h(q) = -q**3 + 12*q**2 - 14*q - 4. Let x be (-30)/10 + 1 + 0 + 12. Calculate the remainder when 1/(1 - (-328)/(-330)) is divided by h(x).
53
Let j = -21 + 43. Suppose 5*x - 3*x - j = 2*i, 3*x + 5*i - 25 = 0. Suppose -40*v - 1406 = -114*v + 36*v. Calculate the remainder when v is divided by x.
7
Let x(y) = y**2 + 21*y - 76. Let n be x(6). Let m = -69 + n. What is the remainder when 43 is divided by m?
9
Let o be -2 + 54/(-9) + -213. Let w = 251 + o. Calculate the remainder when 231 is divided by w.
21
Suppose -17 = -q + s - 7, 0 = 5*s + 15. Let r = 14 + q. What is the remainder when r is divided by 11?
10
Let o(s) = -18*s + 12. Calculate the remainder when o(-3) is divided by 18.
12
Let s(w) = w**3 - 47*w**2 + 5*w - 19. Calculate the remainder when s(47) is divided by 0 + -1 - 45/(-1).
40
Let m(t) = 65*t - 58. Let u be m(8). Suppose 3*q - 685 = -n, -9*q + u = -7*q - 2*n. Calculate the remainder when q is divided by 23.
22
Suppose 0 = 2*d - 153 + 157. Let v be ((-70)/15 - d)/((-3)/288). What is the remainder when (-9)/3 + v/8 is divided by 10?
9
Let a(c) = 112*c + 672. Calculate the remainder when a(-1) is divided by 94.
90
Let n = -862 + 884. Let a = 40 + 152. What is the remainder when a is divided by n?
16
Let v = 75 - 42. Let q be 36 + 1 - 3 - 5. Suppose -8*t + 107 = -q. What is the remainder when v is divided by t?
16
Suppose -1603 - 1397 = -30*t. What is the remainder when 796 is divided by t?
96
Suppose -130*w - 1599 = -143*w. Suppose 6*z + 57 - w = 0. What is the remainder when 36 is divided by z?
3
Let f = 19 - 13. Calculate the remainder when (-2)/5 + 1066/65 is divided by f.
4
Let o(p) = 4*p**2 + 3*p + 2. Let d be o(-1). Suppose 6 = -d*z, -6*z = -3*y - 11*z + 314. What is the remainder when 114 is divided by y?
6
Suppose -16 = -12*d + 20. Let z(a) = 2*a**2 - 7*a + 7. Calculate the remainder when 41 is divided by z(d).
1
Let q be -92 - (-1 + (3 - 1)). Let d = 12285 - 12460. Let m = q - d. What is the remainder when m is divided by 14?
12
Let l = -3935 - -3953. Suppose 7*h = 6 + 1. What is the remainder when l is divided by h?
0
Suppose 6*d - 8*d + 4*w + 6 = 0, -w - 3 = 0. Let q(y) = y**3 - 3*y**2 + 2*y - 5. Calculate the remainder when q(5) is divided by ((-19)/2)/(d/6).
17
Let s = 24322 - 24042. Calculate the remainder when 1162 is divided by s.
42
Suppose -22 = 11*a - 77. Let d be ((9 - 0) + -3)*-1. What is the remainder when 30 is divided by (-9)/d*a/(30/76)?
11
Let s = -377 + 614. Let m = 41653 + -41638. Calculate the remainder when s is divided by m.
12
Suppose z + 55 = 6*z. Suppose 0 = 26*a - 12086 + 35564. Let q = a + 909. Calculate the remainder when z is divided by q.
5
Let m(t) = -85*t**3 + 7*t**2 - 23*t - 4. What is the remainder when m(-4) is divided by 14?
12
Let t = -26 + 52. Suppose -34*x + 336*x = -86*x + 46948. What is the remainder when x is divided by t?
17
Let v(p) = p**2 + 12*p + 3. Let k be v(-11). Let l = -6 - k. Calculate the remainder when 40 is divided by 35*(-7 + 6)*l/(-5).
12
Let z = 144 + -154. Calculate the rema